 when w is divided by 4.
3
Suppose -2*n - 5*a + 2*a = 1, -n + a + 7 = 0. Suppose -n*i - 49 + 397 = 0. Calculate the remainder when i is divided by 22.
21
Suppose 0 = q + 4*f - 24, q - 36 = -3*q - f. Suppose 0 = -q*j + 10*j. Suppose -3*t + 86 + 13 = j. What is the remainder when t is divided by 12?
9
Let q(h) = h**3 - 40*h**2 + 45*h - 175. What is the remainder when q(39) is divided by 7?
3
Let a(u) = -u**2 - u. Let c(l) = 4*l**2 + 21*l - 33. Let y(g) = 5*a(g) + c(g). Calculate the remainder when y(10) is divided by 15.
12
Let n = -445 - -498. What is the remainder when 195 is divided by n?
36
Let r(g) = 32*g + 846. What is the remainder when 82 is divided by r(-26)?
12
Suppose -4*q = i - 3, -5*q - 6*i - 5 = -3*i. Suppose 0 = b + 2*j - 0*j - 36, -q*b + 3*j + 44 = 0. What is the remainder when 83 is divided by b?
27
Suppose -l + 0*l = -5. Let s(h) = -7*h**3 - l*h - 14*h**3 + 7*h + h**2 + 1. What is the remainder when 39 is divided by s(-1)?
18
Let n = 215 + -144. What is the remainder when 280 is divided by n?
67
Suppose -4*b + 3*k + 150 = 0, -4*b - 21 = -k - 167. Calculate the remainder when 105 is divided by b.
33
Suppose 4*u - 1 = 15. Let p = 3 + 8. What is the remainder when (22/(-4))/(p/(-22)) is divided by u?
3
Let y(w) = 8*w**2 - w**3 - 15 - 5*w - 3*w + 18. Calculate the remainder when 80 is divided by y(6).
26
Calculate the remainder when (30/18)/((-20)/(-936)) is divided by 20.
18
Suppose -4*p = -28*p + 17976. Calculate the remainder when p is divided by 6.
5
Suppose 5*k + 5*t - 270 = 0, 6 = 11*t - 9*t. What is the remainder when 252 is divided by k?
48
Suppose 19 = z - 4*b, -z + 2*z = -2*b + 13. Let u = 3 + z. Let m(a) = -a**3 - 16*a**2 - 16*a + 20. Calculate the remainder when m(-15) is divided by u.
17
Suppose 11*j - 2*j - 36 = 0. What is the remainder when 29 is divided by (-63)/(-4) - 21/112*j?
14
What is the remainder when 180 is divided by (-21)/14 + 29/2?
11
Suppose 60 = 2*w - 6. Let q = w - 23. Let o(n) = 333*n - 4614. Calculate the remainder when o(14) is divided by q.
8
Let t = 685 - 629. What is the remainder when 201 is divided by t?
33
Let x be ((-2)/1)/((-12)/(-108)). Let k be (0 + 12)/((-3)/x). Suppose -2*i + 63 - 7 = 3*r, -4*i + k = -4*r. Calculate the remainder when 87 is divided by i.
21
Suppose 239 + 1 = v. Suppose 7*u + v = 3*d + 4*u, 0 = u - 3. Calculate the remainder when d is divided by 21.
20
Let q be -4*(-9)/(-8)*-2. Let x = -12 + q. Let o(z) = 2*z**2 + 3*z - 1. What is the remainder when 21 is divided by o(x)?
5
Suppose -38*i = 88*i - 260 + 8. What is the remainder when -2*(-1)/(-5)*-90 is divided by i?
0
Suppose 14*q = 38*q - 2616. Calculate the remainder when q is divided by 45.
19
Suppose 0 = -5*z - 0 + 60. Let a(h) = 5*h**2 - 9*h - 22. Let s be a(9). Suppose 11*b + 82 = s. Calculate the remainder when b is divided by z.
8
Let p = -196 - -342. What is the remainder when p is divided by 30?
26
Let x(k) = 6*k + 18 + 3*k**2 - 20*k - 5 + 0*k. Suppose -s + 3*h + 63 = -0*h, 5*h + 224 = 4*s. Calculate the remainder when s is divided by x(5).
15
Suppose 2*w = 14 - 4. Let d(t) = -5 - 2*t + 7 - w*t - t**2. Calculate the remainder when d(-5) is divided by 7.
5
Let f = 181 + -171. Let j(a) = 3*a**2 - 7*a + 2. Calculate the remainder when j(6) is divided by f.
8
Let s(n) = 9*n - 55. What is the remainder when 69 is divided by s(9)?
17
Suppose 5*b + 403 = -3*a, 6*a - 157 = 2*b + 3*a. Let k = 60 - b. Suppose -4*q = k - 640. Calculate the remainder when q is divided by 32.
29
Suppose -5*g = 46*j - 50*j + 98, 5*g - 100 = -5*j. Calculate the remainder when 173 is divided by j.
19
Let b = 16 - 11. Suppose -13 - 127 = -b*t. Calculate the remainder when t is divided by 16.
12
Suppose 128*t - 122*t - 636 = 0. What is the remainder when t is divided by 27?
25
Suppose 3*t + 13 + 17 = 0. Let c = t - -25. Suppose -3*r + 276 = 5*b, 2*b - 89 = 4*r + 37. Calculate the remainder when b is divided by c.
12
Let n = -149 - -171. What is the remainder when 47 is divided by n?
3
Let j = -17 - -12. Let q(z) = z**3 + 9*z**2 + 6*z - 1. What is the remainder when q(j) is divided by 4/(16/(-9) + 2)?
15
Let f(d) = 5*d**2 - 2*d + 1. Let z be f(1). Let y(x) = z*x - 31*x - x - 2 - x. Calculate the remainder when y(-2) is divided by 15.
11
Let h(c) = -6*c + 154. Let k = -1 - -4. What is the remainder when h(25) is divided by k?
1
Suppose -144 = -3*h - h. What is the remainder when 8/h + (-394)/(-9) is divided by 9?
8
Let w(v) = -2*v**2 + 30*v - 16. Let b be w(15). Let d = -18 - -30. What is the remainder when 6/8 - (2 + 548/b) is divided by d?
9
Let h be -6 + 498/(-54) + 4/18. What is the remainder when 51 is divided by (-117)/h - ((-6)/5)/6?
3
Let u = 3509 + -3467. Let p(j) = 6*j**2 - 3*j - 4. Calculate the remainder when p(4) is divided by u.
38
Suppose -q - 4*n + 200 = 4*q, 92 = 2*q + 4*n. What is the remainder when 104 is divided by q?
32
Suppose 0 = -20*a - 444 + 1644. What is the remainder when a is divided by 3?
0
Suppose -43*i - 125883 = -114*i. What is the remainder when i is divided by 148?
145
Let n = -32 - -37. Suppose 101 = n*m - 54. What is the remainder when 59 is divided by m?
28
Suppose -4*c = -0*c + 5*x - 120, -c - 5*x = -45. Let u(h) = 8*h + 16. Let j = -38 + 45. Calculate the remainder when u(j) is divided by c.
22
Calculate the remainder when 636 is divided by 267/(1 + 2) + -9.
76
Let h(i) = 0 + 2 - i**2 + 7*i**2 + 55*i**3 - 54*i**3 - i. What is the remainder when h(-6) is divided by 4?
0
What is the remainder when (2 - -78) + (-10)/12*-6 is divided by 23?
16
Let n(d) = -d**3 - 15*d**2 - 35*d + 26. Calculate the remainder when 26 is divided by n(-12).
12
Let x(b) = -7 - 28*b - 27*b + 61*b. What is the remainder when 65 is divided by x(4)?
14
Suppose 13 = i + 3*j, -13 = -3*i + 2*i - j. Suppose 2536 = 72*l - 1928. Calculate the remainder when l is divided by i.
10
Let u(j) = 4*j**2 - 8*j - 36. Calculate the remainder when u(8) is divided by 46.
18
Let a(o) = -3*o**3 - 5*o**2 + 11*o + 22. Let l be a(-7). Suppose l = 8*d + 241. Calculate the remainder when d is divided by 22.
17
Let y be (-5)/(20/(-12)) - -3. Let f(p) = p**3 - 5*p**2 - 3*p - 4. Calculate the remainder when f(y) is divided by 5.
4
Let b be (-2)/(-4)*(-11 - -9). Calculate the remainder when b - (-4 + 0)/((-2)/(-92)) is divided by 37.
35
Let t be -6 + 7 - (2 + 0 + -1). Suppose h - 40 + 29 = t. Calculate the remainder when 41 is divided by h.
8
Let g = 10 + -4. Let j be g - (-1)/(2/4). Let v = -6 + j. What is the remainder when v is divided by 1?
0
Let q be 378/15 + 1/(-5). Suppose q*t - 29*t = -16. What is the remainder when 7 is divided by t?
3
Let v = 559 - 553. What is the remainder when 130 is divided by v?
4
Let l = -816 + 909. Calculate the remainder when l is divided by 41.
11
Suppose -80 = -5*a - 4*v, -4*a + 89 = -v + 25. What is the remainder when 124 is divided by a?
12
Suppose -2*k - 2*z + 72 = -7*z, -2*k = 2*z - 86. What is the remainder when k is divided by 9?
5
Suppose 68 = -0*y + 4*y. Suppose -4*g = -8, 3*w - 4*w + y = -g. Calculate the remainder when w is divided by (-3)/(-2)*28/6.
5
Let x = -28 + 30. Let q(g) = 5*g - 2. Let d be q(x). What is the remainder when (d/12)/(4/258) is divided by 22?
21
Suppose 383 = -3*z + z + 3*w, -4*w = -2*z - 388. Let d = -100 - z. Let l(c) = 2*c**2 + 2*c + 5. Calculate the remainder when d is divided by l(-4).
26
Suppose w - l = 3*l + 3, 2*w + 2*l - 6 = 0. Suppose -41 = -w*z + 58. Let j = z - 20. What is the remainder when 23 is divided by j?
10
Let u be 30/24 + (-2)/8. Suppose -841*a - 31 = -842*a. Calculate the remainder when ((-150)/(-35))/(u/14) is divided by a.
29
Let u(v) = -v**2 - 28*v - 75. Calculate the remainder when 268 is divided by u(-9).
76
Suppose 3*f = -f - 20. Let v = -2 - f. Calculate the remainder when 52/(-2)*8/(-16) is divided by v.
1
Suppose -r = 3*q + 5, r + 9 = q + 4*r. Let j = q - -11. Suppose -j*u + 102 - 6 = 0. Calculate the remainder when 34 is divided by u.
10
Let r be (4/12)/((-1)/(-24)). Suppose -3*y = -10 - r. Calculate the remainder when y is divided by 5.
1
Let v(h) = -10*h**2 - 20*h - 9. Let k(w) = -3*w**2 - 7*w - 3. Let s(j) = 7*k(j) - 2*v(j). Calculate the remainder when 8 is divided by s(-8).
3
Suppose -4 + 24 = -5*k. Let m = 42 - 13. What is the remainder when m is divided by (-7